me factors of 20013858?
2, 3, 457, 811
List the prime factors of 3234095.
5, 83, 7793
What are the prime factors of 124732?
2, 31183
List the prime factors of 5060284.
2, 227, 5573
What are the prime factors of 14528?
2, 227
List the prime factors of 557997.
3, 11, 37, 457
What are the prime factors of 3382242?
2, 3, 23, 24509
List the prime factors of 10928193.
3, 3642731
List the prime factors of 2573086.
2, 17, 75679
List the prime factors of 9464670.
2, 3, 5, 103, 1021
What are the prime factors of 607758?
2, 3, 101293
List the prime factors of 91793.
13, 23, 307
List the prime factors of 3764295.
3, 5, 23, 3637
List the prime factors of 2588264.
2, 7, 46219
What are the prime factors of 10852213?
10852213
List the prime factors of 158812.
2, 39703
What are the prime factors of 1067043?
3, 37, 9613
List the prime factors of 45951.
3, 17, 53
List the prime factors of 38787.
3, 7, 1847
What are the prime factors of 664595?
5, 61, 2179
What are the prime factors of 7143767?
7143767
List the prime factors of 17133127.
11, 17, 91621
List the prime factors of 1468735.
5, 157, 1871
List the prime factors of 1407741.
3, 31, 15137
List the prime factors of 2762243.
11, 151, 1663
List the prime factors of 1989808.
2, 124363
What are the prime factors of 243568?
2, 13, 1171
What are the prime factors of 627007?
491, 1277
What are the prime factors of 2031236?
2, 507809
What are the prime factors of 287165?
5, 79, 727
What are the prime factors of 339869?
149, 2281
List the prime factors of 11278972.
2, 2819743
List the prime factors of 179791.
23, 7817
List the prime factors of 13105.
5, 2621
What are the prime factors of 43220?
2, 5, 2161
List the prime factors of 2419703.
11, 13, 16921
List the prime factors of 7477081.
53, 71, 1987
List the prime factors of 242274.
2, 3, 149, 271
What are the prime factors of 4265662?
2, 31, 107, 643
What are the prime factors of 118565?
5, 23, 1031
What are the prime factors of 381677?
61, 6257
What are the prime factors of 426107?
11, 38737
What are the prime factors of 16825?
5, 673
List the prime factors of 115218.
2, 3, 37, 173
What are the prime factors of 14312925?
3, 5, 11, 5783
What are the prime factors of 4274205?
3, 5, 13, 23, 953
List the prime factors of 420434.
2, 7, 59, 509
List the prime factors of 7851874.
2, 107, 36691
List the prime factors of 2162018.
2, 151, 7159
What are the prime factors of 3108714?
2, 3, 7, 74017
List the prime factors of 721230.
2, 3, 5, 29, 829
List the prime factors of 287929.
17, 16937
List the prime factors of 3609457.
17, 241, 881
List the prime factors of 1114686.
2, 3, 61927
What are the prime factors of 164534?
2, 82267
List the prime factors of 75760.
2, 5, 947
What are the prime factors of 736396?
2, 47, 3917
What are the prime factors of 8000713?
7, 1142959
What are the prime factors of 207086?
2, 11, 9413
What are the prime factors of 2681860?
2, 5, 134093
What are the prime factors of 2754438?
2, 3, 83, 5531
What are the prime factors of 7495588?
2, 43, 43579
List the prime factors of 219274.
2, 11, 9967
List the prime factors of 205571.
311, 661
What are the prime factors of 17233188?
2, 3, 7, 205157
What are the prime factors of 265645?
5, 53129
List the prime factors of 362686.
2, 41, 4423
List the prime factors of 1890057.
3, 13, 48463
List the prime factors of 8807354.
2, 4403677
List the prime factors of 2441440.
2, 5, 15259
What are the prime factors of 692459?
692459
What are the prime factors of 11636838?
2, 3, 215497
What are the prime factors of 2003001?
3, 7, 11, 13, 23, 29
What are the prime factors of 361663?
361663
List the prime factors of 4174961.
7, 596423
What are the prime factors of 15797460?
2, 3, 5, 7, 29, 1297
What are the prime factors of 114551?
19, 6029
List the prime factors of 4351350.
2, 3, 5, 29009
List the prime factors of 61720.
2, 5, 1543
What are the prime factors of 8526341?
43, 83, 2389
List the prime factors of 25870.
2, 5, 13, 199
List the prime factors of 8294314.
2, 7, 592451
What are the prime factors of 1585664?
2, 19, 163
List the prime factors of 236522.
2, 11, 13, 827
What are the prime factors of 8367083?
8367083
What are the prime factors of 574306?
2, 31, 59, 157
What are the prime factors of 6553971?
3, 29, 25111
List the prime factors of 521830.
2, 5, 52183
What are the prime factors of 7487304?
2, 3, 11, 79, 359
List the prime factors of 7536180.
2, 3, 5, 23, 43, 127
What are the prime factors of 19630904?
2, 1499, 1637
What are the prime factors of 7128314?
2, 3564157
List the prime factors of 568608.
2, 3, 5923
List the prime factors of 7177953.
3, 19, 125929
What are the prime factors of 84707?
7, 12101
List the prime factors of 1446730.
2, 5, 199, 727
List the prime factors of 382792.
2, 59, 811
List the prime factors of 68388.
2, 3, 41, 139
List the prime factors of 1162373.
1162373
List the prime factors of 1050696.
2, 3, 14593
List the prime factors of 10337349.
3, 11, 19, 16487
What are the prime factors of 3319955?
5, 663991
List the prime factors of 68988.
2, 3, 5749
List the prime factors of 162779.
162779
What are the prime factors of 402447?
3, 163, 823
List the prime factors of 1009958.
2, 67, 7537
List the prime factors of 2600177.
2600177
What are the prime factors of 2025322?
2, 13, 61, 1277
What are the prime factors of 1231086?
2, 3, 19, 10799
What are the prime factors of 512787?
3, 11, 41, 379
What are the prime factors of 20964?
2, 3, 1747
List the prime factors of 1401632.
2, 43801
What are the prime factors of 5065857?
3, 101, 5573
List the prime factors of 9331030.
2, 5, 37, 25219
List the prime factors of 30473.
31, 983
What are the prime factors of 260682?
2, 3, 23, 1889
What are the prime factors of 98204?
2, 24551
List the prime factors of 303008.
2, 17, 557
What are the prime factors of 1105165?
5, 67, 3299
List the prime factors of 669406.
2, 197, 1699
What are the prime factors of 156840?
2, 3, 5, 1307
What are the prime factors of 844236?
2, 3, 7817
List the prime factors of 1544334.
2, 3, 11, 23399
List the prime factors of 1918728.
2, 3, 7, 47
What are the prime factors of 2413785?
3, 5, 11, 14629
List the prime factors of 16277.
41, 397
What are the prime factors of 25757152?
2, 53, 15187
What are the prime factors of 727462?
2, 363731
List the prime factors of 299268.
2, 3, 17, 163
What are the prime factors of 1683985?
5, 139, 2423
What are the prime factors of 419380?
2, 5, 13, 1613
What are the prime factors of 412723?
71, 5813
List the prime factors of 1061135.
5, 212227
List the prime factors of 1696323.
3, 565441
List the prime factors of 5620418.
2, 23, 61, 2003
What are the prime factors of 1544108?
2, 71, 5437
What are the prime factors of 5149652?
2, 83, 15511
What are the prime factors of 1210939?
1210939
List the prime factors of 1416225.
3, 5, 23, 821
What are the prime factors of 184138?
2, 23, 4003
What are the prime factors of 167117?
167117
What are the prime factors of 6664522?
2, 59, 56479
List the prime factors of 67842.
2, 3, 3769
List the prime factors of 20442.
2, 3, 3407
List the prime factors of 614450.
2, 5, 12289
What are the prime factors of 3552889?
971, 3659
List the prime factors of 111294.
2, 3, 229
What are the prime factors of 381742?
2, 190871
What are the prime factors of 3071128?
2, 383891
What are the prime factors of 4584284?
2, 1146071
List the prime factors of 648032.
2, 7, 11, 263
What are the prime factors of 19097718?
2, 3, 29, 41, 2677
What are the prime factors of 8625392?
2, 17, 19, 1669
What are the prime factors of 5296039?
7, 139, 5443
What are the prime factors of 5905705?
5, 13, 29, 241
List the prime factors of 4268466.
2, 3, 237137
List the prime factors of 175065.
3, 5, 11, 1061
List the prime factors of 979909.
7, 139987
List the prime factors of 869064.
2, 3, 7, 739
What are the prime factors of 4629322?
2, 1151, 2011
What are the prime factors of 823756?
2, 101, 2039
What are the prime factors of 197412?
2, 3, 16451
List the prime factors of 4793002.
2, 53, 103, 439
What are the prime factors of 9809792?
2, 173, 443
List the prime factors of 13537051.
11, 83, 14827
List the prime factors of 2376008.
2, 43, 6907
List the prime factors of 6674569.
11, 379, 1601
What are the prime factors of 272378?
2, 136189
Lis